{"id":69,"date":"2020-04-25T11:49:20","date_gmt":"2020-04-25T09:49:20","guid":{"rendered":"http:\/\/www.elevageberengere.fr\/?page_id=69"},"modified":"2020-05-14T21:19:21","modified_gmt":"2020-05-14T19:19:21","slug":"nos-portees","status":"publish","type":"page","link":"https:\/\/www.elevageberengere.fr\/?page_id=69","title":{"rendered":"NOS PORT\u00c9ES"},"content":{"rendered":"\n<h2 class=\"wp-block-heading\">Malinois<\/h2>\n\n\n\n<figure class=\"wp-block-gallery aligncenter columns-1 is-cropped wp-block-gallery-1 is-layout-flex wp-block-gallery-is-layout-flex\"><ul class=\"blocks-gallery-grid\"><li class=\"blocks-gallery-item\"><figure><img loading=\"lazy\" decoding=\"async\" width=\"1024\" height=\"494\" src=\"http:\/\/www.elevageberengere.fr\/wp-content\/uploads\/2020\/05\/SLIDER-chiot-M-1140x550-1-1024x494.jpg\" alt=\"\" data-id=\"232\" data-full-url=\"http:\/\/www.elevageberengere.fr\/wp-content\/uploads\/2020\/05\/SLIDER-chiot-M-1140x550-1.jpg\" data-link=\"http:\/\/www.elevageberengere.fr\/?attachment_id=232\" class=\"wp-image-232\" srcset=\"https:\/\/www.elevageberengere.fr\/wp-content\/uploads\/2020\/05\/SLIDER-chiot-M-1140x550-1-1024x494.jpg 1024w, https:\/\/www.elevageberengere.fr\/wp-content\/uploads\/2020\/05\/SLIDER-chiot-M-1140x550-1-300x145.jpg 300w, https:\/\/www.elevageberengere.fr\/wp-content\/uploads\/2020\/05\/SLIDER-chiot-M-1140x550-1-768x371.jpg 768w, https:\/\/www.elevageberengere.fr\/wp-content\/uploads\/2020\/05\/SLIDER-chiot-M-1140x550-1-200x96.jpg 200w, https:\/\/www.elevageberengere.fr\/wp-content\/uploads\/2020\/05\/SLIDER-chiot-M-1140x550-1-690x333.jpg 690w, https:\/\/www.elevageberengere.fr\/wp-content\/uploads\/2020\/05\/SLIDER-chiot-M-1140x550-1.jpg 1140w\" sizes=\"(max-width: 1024px) 100vw, 1024px\" \/><\/figure><\/li><\/ul><\/figure>\n\n\n\n<h3 class=\"wp-block-heading\">Port\u00e9e de Malinois<\/h3>\n\n\n\n<p>Je m&rsquo;associe \u00e0 Nathalie Buxereau, Catherine Purnelle et Martine Leys, Philippe Suter pour vous annoncez la naissance le 01\/09\/2016 de 3 m\u00e2les &amp; 1 femelle.<\/p>\n\n\n\n<p>Les parents des chiots malinois:<\/p>\n\n\n\n<h4 class=\"wp-block-heading\">s.r. Ch.Fr Finw\u00eb du Cr\u00e9puscule des Loups :<\/h4>\n\n\n\n<p>Radio hanche A\/A, Meilleur CANT \u2013 CSAU exc \u2013 Brevet d\u2019ob\u00e9 &#8211; TAN de ch. Exc+ &#8211; Brevet\u00e9e troupeau (niveau III)<br>(SR CH de France &amp; du Monde, \u00e9lite A : Vanille du Cr\u00e9puscule des Loups :, x s.r. Apollon du CdL)<\/p>\n\n\n\n<p>&amp;<\/p>\n\n\n\n<h4 class=\"wp-block-heading\">s.r No cash du Hameau St-Blaise<\/h4>\n\n\n\n<p>Radio hanche A\/A, CSAU \u2013 CANT &#8211; TAN de ch. Exc+<br>(SR Ch. Gotan Sweet Vulcan x RE Ch. Info du Hameau St-Blaise)<\/p>\n\n\n\n<p>Contact: B\u00e9reng\u00e8re Guey, France.<\/p>\n\n\n\n<h2 class=\"wp-block-heading\">NOS PORT\u00c9ES<\/h2>\n\n\n\n<h2 class=\"wp-block-heading\">BEAUCERON<\/h2>\n\n\n\n<div class=\"wp-block-image\"><figure class=\"aligncenter size-large\"><img loading=\"lazy\" decoding=\"async\" width=\"1024\" height=\"494\" src=\"http:\/\/www.elevageberengere.fr\/wp-content\/uploads\/2020\/05\/SLIDER-It-s-me-n-b1140x550-1024x494.jpg\" alt=\"\" class=\"wp-image-226\" srcset=\"https:\/\/www.elevageberengere.fr\/wp-content\/uploads\/2020\/05\/SLIDER-It-s-me-n-b1140x550-1024x494.jpg 1024w, https:\/\/www.elevageberengere.fr\/wp-content\/uploads\/2020\/05\/SLIDER-It-s-me-n-b1140x550-300x145.jpg 300w, https:\/\/www.elevageberengere.fr\/wp-content\/uploads\/2020\/05\/SLIDER-It-s-me-n-b1140x550-768x371.jpg 768w, https:\/\/www.elevageberengere.fr\/wp-content\/uploads\/2020\/05\/SLIDER-It-s-me-n-b1140x550-200x96.jpg 200w, https:\/\/www.elevageberengere.fr\/wp-content\/uploads\/2020\/05\/SLIDER-It-s-me-n-b1140x550-690x333.jpg 690w, https:\/\/www.elevageberengere.fr\/wp-content\/uploads\/2020\/05\/SLIDER-It-s-me-n-b1140x550.jpg 1140w\" sizes=\"(max-width: 1024px) 100vw, 1024px\" \/><\/figure><\/div>\n\n\n\n<h2 class=\"wp-block-heading\">It\u2019s Me de la Prahas<\/h2>\n\n\n\n<p>\u00ab It\u2019s Me de la Prahas \u00bb et la seule femelle issue du mariage \u00ab Floca de la Prahas &amp; Alto \u00bb<\/p>\n\n\n\n<h4 class=\"wp-block-heading\">Chiots Beauceron issu de lign\u00e9e de travail au troupeau<\/h4>\n\n\n\n<h4 class=\"wp-block-heading\">* It\u2019s Me de la Prahas &amp; Lynux de la Bergerie d&rsquo;Elan *<\/h4>\n\n\n\n<p>&#8211; 6 m\u00e2les &amp; 3 femelles n\u00e9s le 15\/04\/2017 \u2013 <\/p>\n\n\n\n<h4 class=\"wp-block-heading\">La m\u00e8re des chiots \u00ab It&rsquo;s Me de la Prahas \u00bb<\/h4>\n\n\n\n<ul><li>&#8212; Dysplasie A<\/li><li>&#8212; Travail sur Ovins sur l&rsquo;exploitation Bergers Pays Voironnais et concours IR ovins.<\/li><\/ul>\n\n\n\n<h4 class=\"wp-block-heading\">\u00ab Floca de la Prahas \u00bb la m\u00e8re de It&rsquo;s Me de la Prahas issu de lign\u00e9e de travail au troupeau<\/h4>\n\n\n\n<ul><li>&#8211; Mascotte du 50e Salon de l&rsquo;Agriculture 2013<\/li><li>&#8211; \u00ab Floca de la Prahas \u00bb 4eme place du Championnat et Coupe de France Inter-races Ovin&nbsp; 2015<\/li><li>&#8211; Video:&nbsp; <a href=\"http:\/\/www.dailymotion.com\/video\/x36y3zj\">http:\/\/www.dailymotion.com\/video\/x36y3zj<\/a><\/li><li>&#8211; Travail sur exploitation ovins avec Michel Pillard<\/li><\/ul>\n\n\n\n<h4 class=\"wp-block-heading\">Le p\u00e8re de It&rsquo;s Me \u00ab Alto \u00bb<\/h4>\n\n\n\n<ul><li>&#8211; Travail sur exploitation Ovins avec Michel Pillard<\/li><\/ul>\n\n\n\n<h3 class=\"wp-block-heading\">Du cot\u00e9 p\u00e8re des chiots:<\/h3>\n\n\n\n<h4 class=\"wp-block-heading\">Le p\u00e8re de \u00ab Lynux de la Bergerie d&rsquo;Elan \u00bb issu des lign\u00e9es. &nbsp;\u00abCH.&nbsp; Gunner By Empreinte du Mont des Croisettes \u00bb<\/h4>\n\n\n\n<ul><li>&#8211; Brevet\u00e9 troupeau &#8211; niveau 3 en Inter Race<\/li><li>&#8211; Champion de France 2016 (CHCS)<\/li><li>&#8211; Champion des expositions fran\u00e7aises 2016 &#8211;<\/li><li>&#8211; Champion du Luxembourg 2016<\/li><li>&#8211; Meilleur CANT \u00e0 la NE 2012 &#8211; CSAU &#8211;<\/li><\/ul>\n\n\n\n<h4 class=\"wp-block-heading\">Le p\u00e8re de Gunner: \u00ab CH. Djack du Mont des Croisettes \u00bb<\/h4>\n\n\n\n<ul><li>&#8211; RCI 3<\/li><li>&#8211; Champion de France 2011<\/li><li>&#8211; CACS de la Nationale d&rsquo;Elevage 2011<\/li><\/ul>\n\n\n\n<h4 class=\"wp-block-heading\">La m\u00e8re de Gunner : \u00ab CH. Empreinte de tortue du mont des croisettes \u00bb<\/h4>\n\n\n\n<ul><li>&#8211; Travail sur troupeau d&rsquo;ovins, brevet troupeau, niveau 3 en IR.<\/li><li>&#8211; Championne de France 2010<\/li><li>&#8211; CANT<\/li><li>&#8211; Nombreux CACS et CACIB et BOB au championnat de France.&nbsp;<\/li><\/ul>\n\n\n\n<h4 class=\"wp-block-heading\">La m\u00e8re de Lynux : \u00ab Evie de l&rsquo;Enclos d&rsquo;Usco \u00bb,<\/h4>\n\n\n\n<ul><li>&#8211; Travail sur exploitation Ovins<\/li><li>&#8211; Cotation 4 &#8211; Recommand\u00e9&nbsp; &#8211; Excellent au Test de Caract\u00e8re<\/li><\/ul>\n\n\n\n<div class=\"wp-block-image\"><figure class=\"aligncenter size-large\"><img loading=\"lazy\" decoding=\"async\" width=\"1024\" height=\"494\" src=\"http:\/\/www.elevageberengere.fr\/wp-content\/uploads\/2020\/05\/SLIDER-IT-S-ME1-1140x550-1-1024x494.jpg\" alt=\"\" class=\"wp-image-228\" srcset=\"https:\/\/www.elevageberengere.fr\/wp-content\/uploads\/2020\/05\/SLIDER-IT-S-ME1-1140x550-1-1024x494.jpg 1024w, https:\/\/www.elevageberengere.fr\/wp-content\/uploads\/2020\/05\/SLIDER-IT-S-ME1-1140x550-1-300x145.jpg 300w, https:\/\/www.elevageberengere.fr\/wp-content\/uploads\/2020\/05\/SLIDER-IT-S-ME1-1140x550-1-768x371.jpg 768w, https:\/\/www.elevageberengere.fr\/wp-content\/uploads\/2020\/05\/SLIDER-IT-S-ME1-1140x550-1-200x96.jpg 200w, https:\/\/www.elevageberengere.fr\/wp-content\/uploads\/2020\/05\/SLIDER-IT-S-ME1-1140x550-1-690x333.jpg 690w, https:\/\/www.elevageberengere.fr\/wp-content\/uploads\/2020\/05\/SLIDER-IT-S-ME1-1140x550-1.jpg 1140w\" sizes=\"(max-width: 1024px) 100vw, 1024px\" \/><\/figure><\/div>\n","protected":false},"excerpt":{"rendered":"<p>Malinois Port\u00e9e de Malinois Je m&rsquo;associe \u00e0 Nathalie Buxereau, Catherine Purnelle et Martine Leys, Philippe Suter pour vous annoncez la&nbsp;[&hellip;]<\/p>\n","protected":false},"author":1,"featured_media":0,"parent":0,"menu_order":0,"comment_status":"closed","ping_status":"closed","template":"page-templates\/template_fullwidth.php","meta":{"footnotes":""},"yoast_head":"<!-- This site is optimized with the Yoast SEO plugin v15.4 - https:\/\/yoast.com\/wordpress\/plugins\/seo\/ -->\n<title>NOS PORT\u00c9ES - Bergers Pays Voironnais<\/title>\n<meta name=\"robots\" content=\"index, follow, max-snippet:-1, max-image-preview:large, max-video-preview:-1\" \/>\n<link rel=\"canonical\" href=\"http:\/\/www.elevageberengere.fr\/?page_id=69\" \/>\n<meta property=\"og:locale\" content=\"fr_FR\" \/>\n<meta property=\"og:type\" content=\"article\" \/>\n<meta property=\"og:title\" content=\"NOS PORT\u00c9ES - Bergers Pays Voironnais\" \/>\n<meta property=\"og:description\" content=\"Malinois Port\u00e9e de Malinois Je m&rsquo;associe \u00e0 Nathalie Buxereau, Catherine Purnelle et Martine Leys, Philippe Suter pour vous annoncez la&nbsp;[&hellip;]\" \/>\n<meta property=\"og:url\" content=\"http:\/\/www.elevageberengere.fr\/?page_id=69\" \/>\n<meta property=\"og:site_name\" content=\"Bergers Pays Voironnais\" \/>\n<meta property=\"article:modified_time\" content=\"2020-05-14T19:19:21+00:00\" \/>\n<meta property=\"og:image\" content=\"http:\/\/www.elevageberengere.fr\/wp-content\/uploads\/2020\/05\/SLIDER-chiot-M-1140x550-1-1024x494.jpg\" \/>\n<meta name=\"twitter:card\" content=\"summary_large_image\" \/>\n<meta name=\"twitter:label1\" content=\"\u00c9crit par\">\n\t<meta name=\"twitter:data1\" content=\"elevageberengere\">\n\t<meta name=\"twitter:label2\" content=\"Dur\u00e9e de lecture est.\">\n\t<meta name=\"twitter:data2\" content=\"2 minutes\">\n<script type=\"application\/ld+json\" class=\"yoast-schema-graph\">{\"@context\":\"https:\/\/schema.org\",\"@graph\":[{\"@type\":\"WebSite\",\"@id\":\"http:\/\/www.elevageberengere.fr\/#website\",\"url\":\"http:\/\/www.elevageberengere.fr\/\",\"name\":\"Bergers Pays Voironnais\",\"description\":\"Elevage  Canins   -   de  FinBerYo\",\"potentialAction\":[{\"@type\":\"SearchAction\",\"target\":\"http:\/\/www.elevageberengere.fr\/?s={search_term_string}\",\"query-input\":\"required name=search_term_string\"}],\"inLanguage\":\"fr-FR\"},{\"@type\":\"ImageObject\",\"@id\":\"http:\/\/www.elevageberengere.fr\/?page_id=69#primaryimage\",\"inLanguage\":\"fr-FR\",\"url\":\"http:\/\/www.elevageberengere.fr\/wp-content\/uploads\/2020\/05\/SLIDER-chiot-M-1140x550-1-1024x494.jpg\"},{\"@type\":\"WebPage\",\"@id\":\"http:\/\/www.elevageberengere.fr\/?page_id=69#webpage\",\"url\":\"http:\/\/www.elevageberengere.fr\/?page_id=69\",\"name\":\"NOS PORT\\u00c9ES - Bergers Pays Voironnais\",\"isPartOf\":{\"@id\":\"http:\/\/www.elevageberengere.fr\/#website\"},\"primaryImageOfPage\":{\"@id\":\"http:\/\/www.elevageberengere.fr\/?page_id=69#primaryimage\"},\"datePublished\":\"2020-04-25T09:49:20+00:00\",\"dateModified\":\"2020-05-14T19:19:21+00:00\",\"inLanguage\":\"fr-FR\",\"potentialAction\":[{\"@type\":\"ReadAction\",\"target\":[\"http:\/\/www.elevageberengere.fr\/?page_id=69\"]}]}]}<\/script>\n<!-- \/ Yoast SEO plugin. -->","_links":{"self":[{"href":"https:\/\/www.elevageberengere.fr\/index.php?rest_route=\/wp\/v2\/pages\/69"}],"collection":[{"href":"https:\/\/www.elevageberengere.fr\/index.php?rest_route=\/wp\/v2\/pages"}],"about":[{"href":"https:\/\/www.elevageberengere.fr\/index.php?rest_route=\/wp\/v2\/types\/page"}],"author":[{"embeddable":true,"href":"https:\/\/www.elevageberengere.fr\/index.php?rest_route=\/wp\/v2\/users\/1"}],"replies":[{"embeddable":true,"href":"https:\/\/www.elevageberengere.fr\/index.php?rest_route=%2Fwp%2Fv2%2Fcomments&post=69"}],"version-history":[{"count":7,"href":"https:\/\/www.elevageberengere.fr\/index.php?rest_route=\/wp\/v2\/pages\/69\/revisions"}],"predecessor-version":[{"id":264,"href":"https:\/\/www.elevageberengere.fr\/index.php?rest_route=\/wp\/v2\/pages\/69\/revisions\/264"}],"wp:attachment":[{"href":"https:\/\/www.elevageberengere.fr\/index.php?rest_route=%2Fwp%2Fv2%2Fmedia&parent=69"}],"curies":[{"name":"wp","href":"https:\/\/api.w.org\/{rel}","templated":true}]}}

NOS PORTÉES

<h2 class="wp-block-heading">Malinois</h2>



<figure class="wp-block-gallery aligncenter columns-1 is-cropped wp-block-gallery-1 is-layout-flex wp-block-gallery-is-layout-flex"><ul class="blocks-gallery-grid"><li class="blocks-gallery-item"><figure><img loading="lazy" decoding="async" width="1024" height="494" src="http://www.elevageberengere.fr/wp-content/uploads/2020/05/SLIDER-chiot-M-1140x550-1-1024x494.jpg" alt="" data-id="232" data-full-url="http://www.elevageberengere.fr/wp-content/uploads/2020/05/SLIDER-chiot-M-1140x550-1.jpg" data-link="http://www.elevageberengere.fr/?attachment_id=232" class="wp-image-232" srcset="https://www.elevageberengere.fr/wp-content/uploads/2020/05/SLIDER-chiot-M-1140x550-1-1024x494.jpg 1024w, https://www.elevageberengere.fr/wp-content/uploads/2020/05/SLIDER-chiot-M-1140x550-1-300x145.jpg 300w, https://www.elevageberengere.fr/wp-content/uploads/2020/05/SLIDER-chiot-M-1140x550-1-768x371.jpg 768w, https://www.elevageberengere.fr/wp-content/uploads/2020/05/SLIDER-chiot-M-1140x550-1-200x96.jpg 200w, https://www.elevageberengere.fr/wp-content/uploads/2020/05/SLIDER-chiot-M-1140x550-1-690x333.jpg 690w, https://www.elevageberengere.fr/wp-content/uploads/2020/05/SLIDER-chiot-M-1140x550-1.jpg 1140w" sizes="(max-width: 1024px) 100vw, 1024px" /></figure></li></ul></figure>



<h3 class="wp-block-heading">Portée de Malinois</h3>



<p>Je m&rsquo;associe à Nathalie Buxereau, Catherine Purnelle et Martine Leys, Philippe Suter pour vous annoncez la naissance le 01/09/2016 de 3 mâles &amp; 1 femelle.</p>



<p>Les parents des chiots malinois:</p>



<h4 class="wp-block-heading">s.r. Ch.Fr Finwë du Crépuscule des Loups :</h4>



<p>Radio hanche A/A, Meilleur CANT – CSAU exc – Brevet d’obé &#8211; TAN de ch. Exc+ &#8211; Brevetée troupeau (niveau III)<br>(SR CH de France &amp; du Monde, élite A : Vanille du Crépuscule des Loups :, x s.r. Apollon du CdL)</p>



<p>&amp;</p>



<h4 class="wp-block-heading">s.r No cash du Hameau St-Blaise</h4>



<p>Radio hanche A/A, CSAU – CANT &#8211; TAN de ch. Exc+<br>(SR Ch. Gotan Sweet Vulcan x RE Ch. Info du Hameau St-Blaise)</p>



<p>Contact: Bérengère Guey, France.</p>



<h2 class="wp-block-heading">NOS PORTÉES</h2>



<h2 class="wp-block-heading">BEAUCERON</h2>



<div class="wp-block-image"><figure class="aligncenter size-large"><img loading="lazy" decoding="async" width="1024" height="494" src="http://www.elevageberengere.fr/wp-content/uploads/2020/05/SLIDER-It-s-me-n-b1140x550-1024x494.jpg" alt="" class="wp-image-226" srcset="https://www.elevageberengere.fr/wp-content/uploads/2020/05/SLIDER-It-s-me-n-b1140x550-1024x494.jpg 1024w, https://www.elevageberengere.fr/wp-content/uploads/2020/05/SLIDER-It-s-me-n-b1140x550-300x145.jpg 300w, https://www.elevageberengere.fr/wp-content/uploads/2020/05/SLIDER-It-s-me-n-b1140x550-768x371.jpg 768w, https://www.elevageberengere.fr/wp-content/uploads/2020/05/SLIDER-It-s-me-n-b1140x550-200x96.jpg 200w, https://www.elevageberengere.fr/wp-content/uploads/2020/05/SLIDER-It-s-me-n-b1140x550-690x333.jpg 690w, https://www.elevageberengere.fr/wp-content/uploads/2020/05/SLIDER-It-s-me-n-b1140x550.jpg 1140w" sizes="(max-width: 1024px) 100vw, 1024px" /></figure></div>



<h2 class="wp-block-heading">It’s Me de la Prahas</h2>



<p>« It’s Me de la Prahas » et la seule femelle issue du mariage « Floca de la Prahas &amp; Alto »</p>



<h4 class="wp-block-heading">Chiots Beauceron issu de lignée de travail au troupeau</h4>



<h4 class="wp-block-heading">* It’s Me de la Prahas &amp; Lynux de la Bergerie d&rsquo;Elan *</h4>



<p>&#8211; 6 mâles &amp; 3 femelles nés le 15/04/2017 – </p>



<h4 class="wp-block-heading">La mère des chiots « It&rsquo;s Me de la Prahas »</h4>



<ul><li>&#8212; Dysplasie A</li><li>&#8212; Travail sur Ovins sur l&rsquo;exploitation Bergers Pays Voironnais et concours IR ovins.</li></ul>



<h4 class="wp-block-heading">« Floca de la Prahas » la mère de It&rsquo;s Me de la Prahas issu de lignée de travail au troupeau</h4>



<ul><li>&#8211; Mascotte du 50e Salon de l&rsquo;Agriculture 2013</li><li>&#8211; « Floca de la Prahas » 4eme place du Championnat et Coupe de France Inter-races Ovin&nbsp; 2015</li><li>&#8211; Video:&nbsp; <a href="http://www.dailymotion.com/video/x36y3zj">http://www.dailymotion.com/video/x36y3zj</a></li><li>&#8211; Travail sur exploitation ovins avec Michel Pillard</li></ul>



<h4 class="wp-block-heading">Le père de It&rsquo;s Me « Alto »</h4>



<ul><li>&#8211; Travail sur exploitation Ovins avec Michel Pillard</li></ul>



<h3 class="wp-block-heading">Du coté père des chiots:</h3>



<h4 class="wp-block-heading">Le père de « Lynux de la Bergerie d&rsquo;Elan » issu des lignées. &nbsp;«CH.&nbsp; Gunner By Empreinte du Mont des Croisettes »</h4>



<ul><li>&#8211; Breveté troupeau &#8211; niveau 3 en Inter Race</li><li>&#8211; Champion de France 2016 (CHCS)</li><li>&#8211; Champion des expositions françaises 2016 &#8211;</li><li>&#8211; Champion du Luxembourg 2016</li><li>&#8211; Meilleur CANT à la NE 2012 &#8211; CSAU &#8211;</li></ul>



<h4 class="wp-block-heading">Le père de Gunner: « CH. Djack du Mont des Croisettes »</h4>



<ul><li>&#8211; RCI 3</li><li>&#8211; Champion de France 2011</li><li>&#8211; CACS de la Nationale d&rsquo;Elevage 2011</li></ul>



<h4 class="wp-block-heading">La mère de Gunner : « CH. Empreinte de tortue du mont des croisettes »</h4>



<ul><li>&#8211; Travail sur troupeau d&rsquo;ovins, brevet troupeau, niveau 3 en IR.</li><li>&#8211; Championne de France 2010</li><li>&#8211; CANT</li><li>&#8211; Nombreux CACS et CACIB et BOB au championnat de France.&nbsp;</li></ul>



<h4 class="wp-block-heading">La mère de Lynux : « Evie de l&rsquo;Enclos d&rsquo;Usco »,</h4>



<ul><li>&#8211; Travail sur exploitation Ovins</li><li>&#8211; Cotation 4 &#8211; Recommandé&nbsp; &#8211; Excellent au Test de Caractère</li></ul>



<div class="wp-block-image"><figure class="aligncenter size-large"><img loading="lazy" decoding="async" width="1024" height="494" src="http://www.elevageberengere.fr/wp-content/uploads/2020/05/SLIDER-IT-S-ME1-1140x550-1-1024x494.jpg" alt="" class="wp-image-228" srcset="https://www.elevageberengere.fr/wp-content/uploads/2020/05/SLIDER-IT-S-ME1-1140x550-1-1024x494.jpg 1024w, https://www.elevageberengere.fr/wp-content/uploads/2020/05/SLIDER-IT-S-ME1-1140x550-1-300x145.jpg 300w, https://www.elevageberengere.fr/wp-content/uploads/2020/05/SLIDER-IT-S-ME1-1140x550-1-768x371.jpg 768w, https://www.elevageberengere.fr/wp-content/uploads/2020/05/SLIDER-IT-S-ME1-1140x550-1-200x96.jpg 200w, https://www.elevageberengere.fr/wp-content/uploads/2020/05/SLIDER-IT-S-ME1-1140x550-1-690x333.jpg 690w, https://www.elevageberengere.fr/wp-content/uploads/2020/05/SLIDER-IT-S-ME1-1140x550-1.jpg 1140w" sizes="(max-width: 1024px) 100vw, 1024px" /></figure></div>

<p>Malinois Portée de Malinois Je m&rsquo;associe à Nathalie Buxereau, Catherine Purnelle et Martine Leys, Philippe Suter pour vous annoncez la&nbsp;[&hellip;]</p>

<!-- This site is optimized with the Yoast SEO plugin v15.4 - https://yoast.com/wordpress/plugins/seo/ -->
<title>NOS PORTÉES - Bergers Pays Voironnais</title>
<meta name="robots" content="index, follow, max-snippet:-1, max-image-preview:large, max-video-preview:-1" />
<link rel="canonical" href="http://www.elevageberengere.fr/?page_id=69" />
<meta property="og:locale" content="fr_FR" />
<meta property="og:type" content="article" />
<meta property="og:title" content="NOS PORTÉES - Bergers Pays Voironnais" />
<meta property="og:description" content="Malinois Portée de Malinois Je m&rsquo;associe à Nathalie Buxereau, Catherine Purnelle et Martine Leys, Philippe Suter pour vous annoncez la&nbsp;[&hellip;]" />
<meta property="og:url" content="http://www.elevageberengere.fr/?page_id=69" />
<meta property="og:site_name" content="Bergers Pays Voironnais" />
<meta property="article:modified_time" content="2020-05-14T19:19:21+00:00" />
<meta property="og:image" content="http://www.elevageberengere.fr/wp-content/uploads/2020/05/SLIDER-chiot-M-1140x550-1-1024x494.jpg" />
<meta name="twitter:card" content="summary_large_image" />
<meta name="twitter:label1" content="Écrit par">
	<meta name="twitter:data1" content="elevageberengere">
	<meta name="twitter:label2" content="Durée de lecture est.">
	<meta name="twitter:data2" content="2 minutes">
<script type="application/ld+json" class="yoast-schema-graph">{"@context":"https://schema.org","@graph":[{"@type":"WebSite","@id":"http://www.elevageberengere.fr/#website","url":"http://www.elevageberengere.fr/","name":"Bergers Pays Voironnais","description":"Elevage  Canins   -   de  FinBerYo","potentialAction":[{"@type":"SearchAction","target":"http://www.elevageberengere.fr/?s={search_term_string}","query-input":"required name=search_term_string"}],"inLanguage":"fr-FR"},{"@type":"ImageObject","@id":"http://www.elevageberengere.fr/?page_id=69#primaryimage","inLanguage":"fr-FR","url":"http://www.elevageberengere.fr/wp-content/uploads/2020/05/SLIDER-chiot-M-1140x550-1-1024x494.jpg"},{"@type":"WebPage","@id":"http://www.elevageberengere.fr/?page_id=69#webpage","url":"http://www.elevageberengere.fr/?page_id=69","name":"NOS PORT\u00c9ES - Bergers Pays Voironnais","isPartOf":{"@id":"http://www.elevageberengere.fr/#website"},"primaryImageOfPage":{"@id":"http://www.elevageberengere.fr/?page_id=69#primaryimage"},"datePublished":"2020-04-25T09:49:20+00:00","dateModified":"2020-05-14T19:19:21+00:00","inLanguage":"fr-FR","potentialAction":[{"@type":"ReadAction","target":["http://www.elevageberengere.fr/?page_id=69"]}]}]}</script>
<!-- / Yoast SEO plugin. -->
