{"id":46,"date":"2020-04-25T11:44:11","date_gmt":"2020-04-25T09:44:11","guid":{"rendered":"http:\/\/www.elevageberengere.fr\/?page_id=46"},"modified":"2020-05-14T21:34:15","modified_gmt":"2020-05-14T19:34:15","slug":"presentation-2","status":"publish","type":"page","link":"https:\/\/www.elevageberengere.fr\/","title":{"rendered":"PRESENTATION"},"content":{"rendered":"\n<div class=\"wp-block-group\"><div class=\"wp-block-group__inner-container is-layout-flow wp-block-group-is-layout-flow\">\n<div class=\"wp-block-group\"><div class=\"wp-block-group__inner-container is-layout-flow wp-block-group-is-layout-flow\">\n<div class=\"wp-block-group\"><div class=\"wp-block-group__inner-container is-layout-flow wp-block-group-is-layout-flow\">\n<div class=\"wp-block-group\"><div class=\"wp-block-group__inner-container is-layout-flow wp-block-group-is-layout-flow\">\n<figure class=\"wp-block-image size-large\"><img loading=\"lazy\" decoding=\"async\" width=\"1024\" height=\"494\" src=\"http:\/\/www.elevageberengere.fr\/wp-content\/uploads\/2020\/05\/SLIDER-PHOTO-BERGERS-ARTURE-1140x550-1-1024x494.jpg\" alt=\"\" class=\"wp-image-214\" srcset=\"https:\/\/www.elevageberengere.fr\/wp-content\/uploads\/2020\/05\/SLIDER-PHOTO-BERGERS-ARTURE-1140x550-1-1024x494.jpg 1024w, https:\/\/www.elevageberengere.fr\/wp-content\/uploads\/2020\/05\/SLIDER-PHOTO-BERGERS-ARTURE-1140x550-1-300x145.jpg 300w, https:\/\/www.elevageberengere.fr\/wp-content\/uploads\/2020\/05\/SLIDER-PHOTO-BERGERS-ARTURE-1140x550-1-768x371.jpg 768w, https:\/\/www.elevageberengere.fr\/wp-content\/uploads\/2020\/05\/SLIDER-PHOTO-BERGERS-ARTURE-1140x550-1-200x96.jpg 200w, https:\/\/www.elevageberengere.fr\/wp-content\/uploads\/2020\/05\/SLIDER-PHOTO-BERGERS-ARTURE-1140x550-1-690x333.jpg 690w, https:\/\/www.elevageberengere.fr\/wp-content\/uploads\/2020\/05\/SLIDER-PHOTO-BERGERS-ARTURE-1140x550-1.jpg 1140w\" sizes=\"(max-width: 1024px) 100vw, 1024px\" \/><\/figure>\n<\/div><\/div>\n<\/div><\/div>\n<\/div><\/div>\n\n\n\n<h2 class=\"has-text-align-left wp-block-heading\">\u00ab\u00a0Les Bergers du Pays Voironnais\u00a0\u00bb<\/h2>\n\n\n\n<ul><li>Chiens aux troupeaux.<\/li><li>\u00c9leveur de brebis viandes de race Bizet.<\/li><\/ul>\n\n\n\n<h2 class=\"has-text-align-left wp-block-heading\">\u00ab\u00a0de FinBerYo\u00a0\u00bb<\/h2>\n\n\n\n<ul><li>\u00c9leveur de Beauceron<\/li><li>et de Berger Belge Malinois sous l&rsquo;affixe de \u00ab\u00a0FinBerYo\u00a0\u00bb<\/li><\/ul>\n\n\n\n<p>Les Bergers du Pays Voironnais est ainsi rattach\u00e9e indirectement \u00e0 la Soci\u00e9t\u00e9 Centrale Canine SCC.<br>Les Bergers du Pays Voironnais a pour unique but de mettre en valeur les qualit\u00e9s de travail des chiens de bergers suivant les aptitudes inh\u00e9rentes \u00e0 leur race et particuli\u00e8rement au travail des chiens de bergers aux troupeaux.<br>Pour ce faire, elle organise des concours et des \u00e9preuves de travail, elle diffuse des informations dans des publications, conf\u00e9rences et r\u00e9unions.<\/p>\n\n\n\n<div class=\"wp-block-group\"><div class=\"wp-block-group__inner-container is-layout-flow wp-block-group-is-layout-flow\">\n<div class=\"wp-block-group is-layout-flow wp-block-group-is-layout-flow\"><div class=\"wp-block-group__inner-container\"><\/div><\/div>\n<\/div><\/div>\n<\/div><\/div>\n\n\n\n<figure class=\"wp-block-image size-large\"><img loading=\"lazy\" decoding=\"async\" width=\"1024\" height=\"494\" src=\"http:\/\/www.elevageberengere.fr\/wp-content\/uploads\/2020\/05\/SLIDER-BERENGERE-CHIOT-1140x550-1-1024x494.jpg\" alt=\"\" class=\"wp-image-218\" srcset=\"https:\/\/www.elevageberengere.fr\/wp-content\/uploads\/2020\/05\/SLIDER-BERENGERE-CHIOT-1140x550-1-1024x494.jpg 1024w, https:\/\/www.elevageberengere.fr\/wp-content\/uploads\/2020\/05\/SLIDER-BERENGERE-CHIOT-1140x550-1-300x145.jpg 300w, https:\/\/www.elevageberengere.fr\/wp-content\/uploads\/2020\/05\/SLIDER-BERENGERE-CHIOT-1140x550-1-768x371.jpg 768w, https:\/\/www.elevageberengere.fr\/wp-content\/uploads\/2020\/05\/SLIDER-BERENGERE-CHIOT-1140x550-1-200x96.jpg 200w, https:\/\/www.elevageberengere.fr\/wp-content\/uploads\/2020\/05\/SLIDER-BERENGERE-CHIOT-1140x550-1-690x333.jpg 690w, https:\/\/www.elevageberengere.fr\/wp-content\/uploads\/2020\/05\/SLIDER-BERENGERE-CHIOT-1140x550-1.jpg 1140w\" sizes=\"(max-width: 1024px) 100vw, 1024px\" \/><\/figure>\n","protected":false},"excerpt":{"rendered":"<p>\u00ab\u00a0Les Bergers du Pays Voironnais\u00a0\u00bb Chiens aux troupeaux. \u00c9leveur de brebis viandes de race Bizet. \u00ab\u00a0de FinBerYo\u00a0\u00bb \u00c9leveur de Beauceron&nbsp;[&hellip;]<\/p>\n","protected":false},"author":1,"featured_media":0,"parent":0,"menu_order":0,"comment_status":"closed","ping_status":"closed","template":"page-templates\/template_fullwidth.php","meta":{"footnotes":""},"yoast_head":"<!-- This site is optimized with the Yoast SEO plugin v15.4 - https:\/\/yoast.com\/wordpress\/plugins\/seo\/ -->\n<title>PRESENTATION - Bergers Pays Voironnais<\/title>\n<meta name=\"robots\" content=\"index, follow, max-snippet:-1, max-image-preview:large, max-video-preview:-1\" \/>\n<link rel=\"canonical\" href=\"https:\/\/www.elevageberengere.fr\/\" \/>\n<meta property=\"og:locale\" content=\"fr_FR\" \/>\n<meta property=\"og:type\" content=\"article\" \/>\n<meta property=\"og:title\" content=\"PRESENTATION - Bergers Pays Voironnais\" \/>\n<meta property=\"og:description\" content=\"\u00ab\u00a0Les Bergers du Pays Voironnais\u00a0\u00bb Chiens aux troupeaux. \u00c9leveur de brebis viandes de race Bizet. \u00ab\u00a0de FinBerYo\u00a0\u00bb \u00c9leveur de Beauceron&nbsp;[&hellip;]\" \/>\n<meta property=\"og:url\" content=\"https:\/\/www.elevageberengere.fr\/\" \/>\n<meta property=\"og:site_name\" content=\"Bergers Pays Voironnais\" \/>\n<meta property=\"article:modified_time\" content=\"2020-05-14T19:34:15+00:00\" \/>\n<meta property=\"og:image\" content=\"http:\/\/www.elevageberengere.fr\/wp-content\/uploads\/2020\/05\/SLIDER-PHOTO-BERGERS-ARTURE-1140x550-1-1024x494.jpg\" \/>\n<meta name=\"twitter:card\" content=\"summary_large_image\" \/>\n<meta name=\"twitter:label1\" content=\"\u00c9crit par\">\n\t<meta name=\"twitter:data1\" content=\"elevageberengere\">\n\t<meta name=\"twitter:label2\" content=\"Dur\u00e9e de lecture est.\">\n\t<meta name=\"twitter:data2\" content=\"0 minute\">\n<script type=\"application\/ld+json\" class=\"yoast-schema-graph\">{\"@context\":\"https:\/\/schema.org\",\"@graph\":[{\"@type\":\"WebSite\",\"@id\":\"http:\/\/www.elevageberengere.fr\/#website\",\"url\":\"http:\/\/www.elevageberengere.fr\/\",\"name\":\"Bergers Pays Voironnais\",\"description\":\"Elevage  Canins   -   de  FinBerYo\",\"potentialAction\":[{\"@type\":\"SearchAction\",\"target\":\"http:\/\/www.elevageberengere.fr\/?s={search_term_string}\",\"query-input\":\"required name=search_term_string\"}],\"inLanguage\":\"fr-FR\"},{\"@type\":\"ImageObject\",\"@id\":\"https:\/\/www.elevageberengere.fr\/#primaryimage\",\"inLanguage\":\"fr-FR\",\"url\":\"http:\/\/www.elevageberengere.fr\/wp-content\/uploads\/2020\/05\/SLIDER-PHOTO-BERGERS-ARTURE-1140x550-1-1024x494.jpg\"},{\"@type\":\"WebPage\",\"@id\":\"https:\/\/www.elevageberengere.fr\/#webpage\",\"url\":\"https:\/\/www.elevageberengere.fr\/\",\"name\":\"PRESENTATION - Bergers Pays Voironnais\",\"isPartOf\":{\"@id\":\"http:\/\/www.elevageberengere.fr\/#website\"},\"primaryImageOfPage\":{\"@id\":\"https:\/\/www.elevageberengere.fr\/#primaryimage\"},\"datePublished\":\"2020-04-25T09:44:11+00:00\",\"dateModified\":\"2020-05-14T19:34:15+00:00\",\"inLanguage\":\"fr-FR\",\"potentialAction\":[{\"@type\":\"ReadAction\",\"target\":[\"https:\/\/www.elevageberengere.fr\/\"]}]}]}<\/script>\n<!-- \/ Yoast SEO plugin. -->","_links":{"self":[{"href":"https:\/\/www.elevageberengere.fr\/index.php?rest_route=\/wp\/v2\/pages\/46"}],"collection":[{"href":"https:\/\/www.elevageberengere.fr\/index.php?rest_route=\/wp\/v2\/pages"}],"about":[{"href":"https:\/\/www.elevageberengere.fr\/index.php?rest_route=\/wp\/v2\/types\/page"}],"author":[{"embeddable":true,"href":"https:\/\/www.elevageberengere.fr\/index.php?rest_route=\/wp\/v2\/users\/1"}],"replies":[{"embeddable":true,"href":"https:\/\/www.elevageberengere.fr\/index.php?rest_route=%2Fwp%2Fv2%2Fcomments&post=46"}],"version-history":[{"count":8,"href":"https:\/\/www.elevageberengere.fr\/index.php?rest_route=\/wp\/v2\/pages\/46\/revisions"}],"predecessor-version":[{"id":271,"href":"https:\/\/www.elevageberengere.fr\/index.php?rest_route=\/wp\/v2\/pages\/46\/revisions\/271"}],"wp:attachment":[{"href":"https:\/\/www.elevageberengere.fr\/index.php?rest_route=%2Fwp%2Fv2%2Fmedia&parent=46"}],"curies":[{"name":"wp","href":"https:\/\/api.w.org\/{rel}","templated":true}]}}

<div class="wp-block-group"><div class="wp-block-group__inner-container is-layout-flow wp-block-group-is-layout-flow">
<div class="wp-block-group"><div class="wp-block-group__inner-container is-layout-flow wp-block-group-is-layout-flow">
<div class="wp-block-group"><div class="wp-block-group__inner-container is-layout-flow wp-block-group-is-layout-flow">
<div class="wp-block-group"><div class="wp-block-group__inner-container is-layout-flow wp-block-group-is-layout-flow">
<figure class="wp-block-image size-large"><img loading="lazy" decoding="async" width="1024" height="494" src="http://www.elevageberengere.fr/wp-content/uploads/2020/05/SLIDER-PHOTO-BERGERS-ARTURE-1140x550-1-1024x494.jpg" alt="" class="wp-image-214" srcset="https://www.elevageberengere.fr/wp-content/uploads/2020/05/SLIDER-PHOTO-BERGERS-ARTURE-1140x550-1-1024x494.jpg 1024w, https://www.elevageberengere.fr/wp-content/uploads/2020/05/SLIDER-PHOTO-BERGERS-ARTURE-1140x550-1-300x145.jpg 300w, https://www.elevageberengere.fr/wp-content/uploads/2020/05/SLIDER-PHOTO-BERGERS-ARTURE-1140x550-1-768x371.jpg 768w, https://www.elevageberengere.fr/wp-content/uploads/2020/05/SLIDER-PHOTO-BERGERS-ARTURE-1140x550-1-200x96.jpg 200w, https://www.elevageberengere.fr/wp-content/uploads/2020/05/SLIDER-PHOTO-BERGERS-ARTURE-1140x550-1-690x333.jpg 690w, https://www.elevageberengere.fr/wp-content/uploads/2020/05/SLIDER-PHOTO-BERGERS-ARTURE-1140x550-1.jpg 1140w" sizes="(max-width: 1024px) 100vw, 1024px" /></figure>
</div></div>
</div></div>
</div></div>



<h2 class="has-text-align-left wp-block-heading">« Les Bergers du Pays Voironnais »</h2>



<ul><li>Chiens aux troupeaux.</li><li>Éleveur de brebis viandes de race Bizet.</li></ul>



<h2 class="has-text-align-left wp-block-heading">« de FinBerYo »</h2>



<ul><li>Éleveur de Beauceron</li><li>et de Berger Belge Malinois sous l&rsquo;affixe de « FinBerYo »</li></ul>



<p>Les Bergers du Pays Voironnais est ainsi rattachée indirectement à la Société Centrale Canine SCC.<br>Les Bergers du Pays Voironnais a pour unique but de mettre en valeur les qualités de travail des chiens de bergers suivant les aptitudes inhérentes à leur race et particulièrement au travail des chiens de bergers aux troupeaux.<br>Pour ce faire, elle organise des concours et des épreuves de travail, elle diffuse des informations dans des publications, conférences et réunions.</p>



<div class="wp-block-group"><div class="wp-block-group__inner-container is-layout-flow wp-block-group-is-layout-flow">
<div class="wp-block-group is-layout-flow wp-block-group-is-layout-flow"><div class="wp-block-group__inner-container"></div></div>
</div></div>
</div></div>



<figure class="wp-block-image size-large"><img loading="lazy" decoding="async" width="1024" height="494" src="http://www.elevageberengere.fr/wp-content/uploads/2020/05/SLIDER-BERENGERE-CHIOT-1140x550-1-1024x494.jpg" alt="" class="wp-image-218" srcset="https://www.elevageberengere.fr/wp-content/uploads/2020/05/SLIDER-BERENGERE-CHIOT-1140x550-1-1024x494.jpg 1024w, https://www.elevageberengere.fr/wp-content/uploads/2020/05/SLIDER-BERENGERE-CHIOT-1140x550-1-300x145.jpg 300w, https://www.elevageberengere.fr/wp-content/uploads/2020/05/SLIDER-BERENGERE-CHIOT-1140x550-1-768x371.jpg 768w, https://www.elevageberengere.fr/wp-content/uploads/2020/05/SLIDER-BERENGERE-CHIOT-1140x550-1-200x96.jpg 200w, https://www.elevageberengere.fr/wp-content/uploads/2020/05/SLIDER-BERENGERE-CHIOT-1140x550-1-690x333.jpg 690w, https://www.elevageberengere.fr/wp-content/uploads/2020/05/SLIDER-BERENGERE-CHIOT-1140x550-1.jpg 1140w" sizes="(max-width: 1024px) 100vw, 1024px" /></figure>

<p>« Les Bergers du Pays Voironnais » Chiens aux troupeaux. Éleveur de brebis viandes de race Bizet. « de FinBerYo » Éleveur de Beauceron&nbsp;[&hellip;]</p>

<!-- This site is optimized with the Yoast SEO plugin v15.4 - https://yoast.com/wordpress/plugins/seo/ -->
<title>PRESENTATION - Bergers Pays Voironnais</title>
<meta name="robots" content="index, follow, max-snippet:-1, max-image-preview:large, max-video-preview:-1" />
<link rel="canonical" href="https://www.elevageberengere.fr/" />
<meta property="og:locale" content="fr_FR" />
<meta property="og:type" content="article" />
<meta property="og:title" content="PRESENTATION - Bergers Pays Voironnais" />
<meta property="og:description" content="« Les Bergers du Pays Voironnais » Chiens aux troupeaux. Éleveur de brebis viandes de race Bizet. « de FinBerYo » Éleveur de Beauceron&nbsp;[&hellip;]" />
<meta property="og:url" content="https://www.elevageberengere.fr/" />
<meta property="og:site_name" content="Bergers Pays Voironnais" />
<meta property="article:modified_time" content="2020-05-14T19:34:15+00:00" />
<meta property="og:image" content="http://www.elevageberengere.fr/wp-content/uploads/2020/05/SLIDER-PHOTO-BERGERS-ARTURE-1140x550-1-1024x494.jpg" />
<meta name="twitter:card" content="summary_large_image" />
<meta name="twitter:label1" content="Écrit par">
	<meta name="twitter:data1" content="elevageberengere">
	<meta name="twitter:label2" content="Durée de lecture est.">
	<meta name="twitter:data2" content="0 minute">
<script type="application/ld+json" class="yoast-schema-graph">{"@context":"https://schema.org","@graph":[{"@type":"WebSite","@id":"http://www.elevageberengere.fr/#website","url":"http://www.elevageberengere.fr/","name":"Bergers Pays Voironnais","description":"Elevage  Canins   -   de  FinBerYo","potentialAction":[{"@type":"SearchAction","target":"http://www.elevageberengere.fr/?s={search_term_string}","query-input":"required name=search_term_string"}],"inLanguage":"fr-FR"},{"@type":"ImageObject","@id":"https://www.elevageberengere.fr/#primaryimage","inLanguage":"fr-FR","url":"http://www.elevageberengere.fr/wp-content/uploads/2020/05/SLIDER-PHOTO-BERGERS-ARTURE-1140x550-1-1024x494.jpg"},{"@type":"WebPage","@id":"https://www.elevageberengere.fr/#webpage","url":"https://www.elevageberengere.fr/","name":"PRESENTATION - Bergers Pays Voironnais","isPartOf":{"@id":"http://www.elevageberengere.fr/#website"},"primaryImageOfPage":{"@id":"https://www.elevageberengere.fr/#primaryimage"},"datePublished":"2020-04-25T09:44:11+00:00","dateModified":"2020-05-14T19:34:15+00:00","inLanguage":"fr-FR","potentialAction":[{"@type":"ReadAction","target":["https://www.elevageberengere.fr/"]}]}]}</script>
<!-- / Yoast SEO plugin. -->
